{"id":27,"date":"2015-11-02T15:24:11","date_gmt":"2015-11-02T14:24:11","guid":{"rendered":"http:\/\/barral-osteopathe.fr\/maudblog\/?page_id=27"},"modified":"2019-05-01T14:25:45","modified_gmt":"2019-05-01T13:25:45","slug":"losteopathie-et-les-seniors","status":"publish","type":"page","link":"https:\/\/www.barral-osteopathe.fr\/index.php\/quand-consulter\/losteopathie-et-les-seniors\/","title":{"rendered":"S\u00e9niors"},"content":{"rendered":"<section class=\"post-meta fix post-nothumb media\">\n<section class=\"bd post-header fix\">\n<section class=\"bd post-title-section fix\">\n<hgroup class=\"post-title fix\">\n<h1 class=\"entry-title pagetitle\">Ost\u00e9opathie et les seniors<\/h1>\n<\/hgroup>\n<\/section>\n<\/section>\n<\/section>\n<div class=\"entry_wrap fix\">\n<div class=\"entry_content\">\n<h2><strong>L\u2019OSTEOPATHIE ET LES SENIORS<\/strong><\/h2>\n<p>Bien vieillir devrait permettre \u00e0 l\u2019Homme d\u2019\u00eatre libre de ses mouvements. Or, avec l\u2019\u00e2ge, l\u2019ensemble des fonctions corporelles s\u2019amenuisent, ce qui favorise l\u2019apparition d\u2019incapacit\u00e9s et de perte de mobilit\u00e9. La perception par les sens, ainsi que la coordination des mouvements ont tendance \u00e0 s\u2019alt\u00e9rer \u00e9galement.<\/p>\n<p>Une personne vieillissante peut progressivement \u00eatre priv\u00e9e de ses rep\u00e8res environnementaux, de la communication interpersonnelle et \u00eatre expos\u00e9e aux chutes, ce qui la contraint \u00e0 la perte d\u2019autonomie et \u00e0 l\u2019isolement, avec un retentissement non n\u00e9gligeable sur le plan psychologique et social.<\/p>\n<p>La prise en charge ost\u00e9opathique pr\u00e9coce et r\u00e9guli\u00e8re permet aux s\u00e9niors de gagner en fonctionnalit\u00e9 en ayant une action sur la dimension physique de mani\u00e8re durable. De la m\u00eame mani\u00e8re, le traitment ost\u00e9opathique diminue fortement les douleurs ressenties sur le long terme et ainsi participe \u00e0 l\u2019am\u00e9lioration de la qualit\u00e9 de vie.<\/p>\n<p>&nbsp;<\/p>\n<h3>Quand consulter ?<\/h3>\n<p><img loading=\"lazy\" decoding=\"async\" class=\"size-full wp-image-205 alignright\" title=\"Ost\u00e9opathie et S\u00e9niors\" src=\"http:\/\/www.barral-osteopathe.fr\/wp-content\/uploads\/2016\/01\/senior.jpeg\" alt=\"\" width=\"250\" height=\"450\" \/>A titre pr\u00e9ventif et conservatoire: pour faire un bilan, en accompagnement de l\u2019arr\u00eat de l\u2019activit\u00e9 professionnelle, avant le d\u00e9marrage d\u2019une activit\u00e9 sportive.<\/p>\n<p>A titre curatif : douleurs musculaires, diminution ou perte de la mobilit\u00e9 articulaire, troubles fonctionnels des visc\u00e8res, troubles du sommeil. Ponctuellement, en cas : de chute sans perte de connaissance ni fracture, de troubles ORL, de maux de t\u00eate.<\/p>\n<p>Les personnes atteintes d\u2019arthrose ou de rhumatismes, peuvent \u00eatre soulag\u00e9es de mani\u00e8re significative par l\u2019ost\u00e9opathie. Les douleurs qu\u2019occasionnent ces pathologies conduisent \u00e0 prendre de mauvaises postures qui, \u00e0 long terme, d\u00e9multiplient les tensions dans diff\u00e9rentes zones du corps. Sans pr\u00e9tendre les faire dispara\u00eetre compl\u00e8tement, l\u2019ost\u00e9opathe va rechercher les contraintes qui s\u2019appliquent sur la zone atteinte et peut aider \u00e0 freiner le d\u00e9veloppement de celles ci.<\/p>\n<p>D\u2019autre part, en jouant sur la mobilit\u00e9 du corps, l\u2019ost\u00e9opathie aide les personnes \u00e2g\u00e9es \u00e0 garder tonicit\u00e9 et vitalit\u00e9.<\/p>\n<p>Pour les personnes atteintes de s\u00e9nilit\u00e9, l\u2019ost\u00e9opathie va intervenir en stimulant la circulation hormonale et veineuse et entretiendra une bonne mobilit\u00e9 de tous les tissus de l\u2019extr\u00e9mit\u00e9 sup\u00e9rieure du corps, de mani\u00e8re \u00e0 diminuer au mieux les effets de la s\u00e9nilit\u00e9.<\/p>\n<p>&nbsp;<\/p>\n<\/div>\n<h2><b>OSTEOPATHIE ET EHPAD<\/b><\/h2>\n<p>Intervenante 3 fois par semaine en EHPAD, je suis en contact avec la pathologie d\u2019Alzheimer, la d\u00e9mence \u2026 Des patients qui n\u2019exprime plus leurs maux verbalement. Leurs douleurs peux se traduire par de l\u2019agressivit\u00e9, du refus de marcher, des r\u00e9tractions musculaires, des troubles digestifs\u2026 les personnes en fauteuils ou alit\u00e9es n\u2019ont plus de retour veineux.<\/p>\n<p>Je travaille sur leurs conforts et les accompagnent dans leurs douleurs \u2026<\/p>\n<p><a name=\"_GoBack\"><\/a> <i><b>Le touch\u00e9 et la communication non verbale est tr\u00e8s importante dans ces pathologies.<\/b><\/i><\/p>\n<\/div>\n","protected":false},"excerpt":{"rendered":"<p>Ost\u00e9opathie et les seniors L\u2019OSTEOPATHIE ET LES SENIORS Bien vieillir devrait permettre \u00e0 l\u2019Homme d\u2019\u00eatre libre de ses mouvements. Or, avec l\u2019\u00e2ge, l\u2019ensemble des fonctions corporelles s\u2019amenuisent, ce qui favorise l\u2019apparition d\u2019incapacit\u00e9s et de perte de mobilit\u00e9. La perception par les sens, ainsi que la coordination des mouvements ont tendance \u00e0 s\u2019alt\u00e9rer \u00e9galement. Une personne [&hellip;]<\/p>\n","protected":false},"author":1,"featured_media":0,"parent":15,"menu_order":3,"comment_status":"closed","ping_status":"closed","template":"","meta":{"footnotes":""},"class_list":["post-27","page","type-page","status-publish","hentry"],"yoast_head":"<!-- This site is optimized with the Yoast SEO plugin v26.0 - https:\/\/yoast.com\/wordpress\/plugins\/seo\/ -->\n<title>S\u00e9niors &#183; Maud BARRAL-BREAUTE - OSTEOPATHE D.O<\/title>\n<meta name=\"robots\" content=\"index, follow, max-snippet:-1, max-image-preview:large, max-video-preview:-1\" \/>\n<link rel=\"canonical\" href=\"https:\/\/www.barral-osteopathe.fr\/index.php\/quand-consulter\/losteopathie-et-les-seniors\/\" \/>\n<meta property=\"og:locale\" content=\"fr_FR\" \/>\n<meta property=\"og:type\" content=\"article\" \/>\n<meta property=\"og:title\" content=\"S\u00e9niors &#183; Maud BARRAL-BREAUTE - OSTEOPATHE D.O\" \/>\n<meta property=\"og:description\" content=\"Ost\u00e9opathie et les seniors L\u2019OSTEOPATHIE ET LES SENIORS Bien vieillir devrait permettre \u00e0 l\u2019Homme d\u2019\u00eatre libre de ses mouvements. Or, avec l\u2019\u00e2ge, l\u2019ensemble des fonctions corporelles s\u2019amenuisent, ce qui favorise l\u2019apparition d\u2019incapacit\u00e9s et de perte de mobilit\u00e9. La perception par les sens, ainsi que la coordination des mouvements ont tendance \u00e0 s\u2019alt\u00e9rer \u00e9galement. Une personne [&hellip;]\" \/>\n<meta property=\"og:url\" content=\"https:\/\/www.barral-osteopathe.fr\/index.php\/quand-consulter\/losteopathie-et-les-seniors\/\" \/>\n<meta property=\"og:site_name\" content=\"Maud BARRAL-BREAUTE - OSTEOPATHE D.O\" \/>\n<meta property=\"article:modified_time\" content=\"2019-05-01T13:25:45+00:00\" \/>\n<meta property=\"og:image\" content=\"http:\/\/www.barral-osteopathe.fr\/wp-content\/uploads\/2016\/01\/senior.jpeg\" \/>\n<meta name=\"twitter:card\" content=\"summary_large_image\" \/>\n<meta name=\"twitter:label1\" content=\"Dur\u00e9e de lecture estim\u00e9e\" \/>\n\t<meta name=\"twitter:data1\" content=\"2 minutes\" \/>\n<script type=\"application\/ld+json\" class=\"yoast-schema-graph\">{\"@context\":\"https:\/\/schema.org\",\"@graph\":[{\"@type\":\"WebPage\",\"@id\":\"https:\/\/www.barral-osteopathe.fr\/index.php\/quand-consulter\/losteopathie-et-les-seniors\/\",\"url\":\"https:\/\/www.barral-osteopathe.fr\/index.php\/quand-consulter\/losteopathie-et-les-seniors\/\",\"name\":\"S\u00e9niors &#183; Maud BARRAL-BREAUTE - OSTEOPATHE D.O\",\"isPartOf\":{\"@id\":\"https:\/\/www.barral-osteopathe.fr\/#website\"},\"primaryImageOfPage\":{\"@id\":\"https:\/\/www.barral-osteopathe.fr\/index.php\/quand-consulter\/losteopathie-et-les-seniors\/#primaryimage\"},\"image\":{\"@id\":\"https:\/\/www.barral-osteopathe.fr\/index.php\/quand-consulter\/losteopathie-et-les-seniors\/#primaryimage\"},\"thumbnailUrl\":\"http:\/\/www.barral-osteopathe.fr\/wp-content\/uploads\/2016\/01\/senior.jpeg\",\"datePublished\":\"2015-11-02T14:24:11+00:00\",\"dateModified\":\"2019-05-01T13:25:45+00:00\",\"breadcrumb\":{\"@id\":\"https:\/\/www.barral-osteopathe.fr\/index.php\/quand-consulter\/losteopathie-et-les-seniors\/#breadcrumb\"},\"inLanguage\":\"fr-FR\",\"potentialAction\":[{\"@type\":\"ReadAction\",\"target\":[\"https:\/\/www.barral-osteopathe.fr\/index.php\/quand-consulter\/losteopathie-et-les-seniors\/\"]}]},{\"@type\":\"ImageObject\",\"inLanguage\":\"fr-FR\",\"@id\":\"https:\/\/www.barral-osteopathe.fr\/index.php\/quand-consulter\/losteopathie-et-les-seniors\/#primaryimage\",\"url\":\"https:\/\/www.barral-osteopathe.fr\/wp-content\/uploads\/2016\/01\/senior.jpeg\",\"contentUrl\":\"https:\/\/www.barral-osteopathe.fr\/wp-content\/uploads\/2016\/01\/senior.jpeg\",\"width\":250,\"height\":450},{\"@type\":\"BreadcrumbList\",\"@id\":\"https:\/\/www.barral-osteopathe.fr\/index.php\/quand-consulter\/losteopathie-et-les-seniors\/#breadcrumb\",\"itemListElement\":[{\"@type\":\"ListItem\",\"position\":1,\"name\":\"Accueil\",\"item\":\"https:\/\/www.barral-osteopathe.fr\/\"},{\"@type\":\"ListItem\",\"position\":2,\"name\":\"Quand Consulter ?\",\"item\":\"https:\/\/www.barral-osteopathe.fr\/index.php\/quand-consulter\/\"},{\"@type\":\"ListItem\",\"position\":3,\"name\":\"S\u00e9niors\"}]},{\"@type\":\"WebSite\",\"@id\":\"https:\/\/www.barral-osteopathe.fr\/#website\",\"url\":\"https:\/\/www.barral-osteopathe.fr\/\",\"name\":\"Maud BARRAL-BREAUTE Osteopathe D.O\",\"description\":\"Votre th\u00e9rapeute | \u2709 POLE SANTE BILTEGI, 150 avenue de Bielle NAVE, place saint Barthelemy, 64200, BASSUSSARRY | \u260e  06.87.77.18.42\",\"publisher\":{\"@id\":\"https:\/\/www.barral-osteopathe.fr\/#organization\"},\"potentialAction\":[{\"@type\":\"SearchAction\",\"target\":{\"@type\":\"EntryPoint\",\"urlTemplate\":\"https:\/\/www.barral-osteopathe.fr\/?s={search_term_string}\"},\"query-input\":{\"@type\":\"PropertyValueSpecification\",\"valueRequired\":true,\"valueName\":\"search_term_string\"}}],\"inLanguage\":\"fr-FR\"},{\"@type\":\"Organization\",\"@id\":\"https:\/\/www.barral-osteopathe.fr\/#organization\",\"name\":\"Maud BARRAL-BREAUTE - OSTEOPATHE D.O\",\"url\":\"https:\/\/www.barral-osteopathe.fr\/\",\"logo\":{\"@type\":\"ImageObject\",\"inLanguage\":\"fr-FR\",\"@id\":\"https:\/\/www.barral-osteopathe.fr\/#\/schema\/logo\/image\/\",\"url\":\"https:\/\/www.barral-osteopathe.fr\/wp-content\/uploads\/2015\/11\/IMGP0037-e1454069448408.jpg\",\"contentUrl\":\"https:\/\/www.barral-osteopathe.fr\/wp-content\/uploads\/2015\/11\/IMGP0037-e1454069448408.jpg\",\"width\":600,\"height\":800,\"caption\":\"Maud BARRAL-BREAUTE - OSTEOPATHE D.O\"},\"image\":{\"@id\":\"https:\/\/www.barral-osteopathe.fr\/#\/schema\/logo\/image\/\"}}]}<\/script>\n<!-- \/ Yoast SEO plugin. -->","yoast_head_json":{"title":"S\u00e9niors &#183; Maud BARRAL-BREAUTE - OSTEOPATHE D.O","robots":{"index":"index","follow":"follow","max-snippet":"max-snippet:-1","max-image-preview":"max-image-preview:large","max-video-preview":"max-video-preview:-1"},"canonical":"https:\/\/www.barral-osteopathe.fr\/index.php\/quand-consulter\/losteopathie-et-les-seniors\/","og_locale":"fr_FR","og_type":"article","og_title":"S\u00e9niors &#183; Maud BARRAL-BREAUTE - OSTEOPATHE D.O","og_description":"Ost\u00e9opathie et les seniors L\u2019OSTEOPATHIE ET LES SENIORS Bien vieillir devrait permettre \u00e0 l\u2019Homme d\u2019\u00eatre libre de ses mouvements. Or, avec l\u2019\u00e2ge, l\u2019ensemble des fonctions corporelles s\u2019amenuisent, ce qui favorise l\u2019apparition d\u2019incapacit\u00e9s et de perte de mobilit\u00e9. La perception par les sens, ainsi que la coordination des mouvements ont tendance \u00e0 s\u2019alt\u00e9rer \u00e9galement. Une personne [&hellip;]","og_url":"https:\/\/www.barral-osteopathe.fr\/index.php\/quand-consulter\/losteopathie-et-les-seniors\/","og_site_name":"Maud BARRAL-BREAUTE - OSTEOPATHE D.O","article_modified_time":"2019-05-01T13:25:45+00:00","og_image":[{"url":"http:\/\/www.barral-osteopathe.fr\/wp-content\/uploads\/2016\/01\/senior.jpeg","type":"","width":"","height":""}],"twitter_card":"summary_large_image","twitter_misc":{"Dur\u00e9e de lecture estim\u00e9e":"2 minutes"},"schema":{"@context":"https:\/\/schema.org","@graph":[{"@type":"WebPage","@id":"https:\/\/www.barral-osteopathe.fr\/index.php\/quand-consulter\/losteopathie-et-les-seniors\/","url":"https:\/\/www.barral-osteopathe.fr\/index.php\/quand-consulter\/losteopathie-et-les-seniors\/","name":"S\u00e9niors &#183; Maud BARRAL-BREAUTE - OSTEOPATHE D.O","isPartOf":{"@id":"https:\/\/www.barral-osteopathe.fr\/#website"},"primaryImageOfPage":{"@id":"https:\/\/www.barral-osteopathe.fr\/index.php\/quand-consulter\/losteopathie-et-les-seniors\/#primaryimage"},"image":{"@id":"https:\/\/www.barral-osteopathe.fr\/index.php\/quand-consulter\/losteopathie-et-les-seniors\/#primaryimage"},"thumbnailUrl":"http:\/\/www.barral-osteopathe.fr\/wp-content\/uploads\/2016\/01\/senior.jpeg","datePublished":"2015-11-02T14:24:11+00:00","dateModified":"2019-05-01T13:25:45+00:00","breadcrumb":{"@id":"https:\/\/www.barral-osteopathe.fr\/index.php\/quand-consulter\/losteopathie-et-les-seniors\/#breadcrumb"},"inLanguage":"fr-FR","potentialAction":[{"@type":"ReadAction","target":["https:\/\/www.barral-osteopathe.fr\/index.php\/quand-consulter\/losteopathie-et-les-seniors\/"]}]},{"@type":"ImageObject","inLanguage":"fr-FR","@id":"https:\/\/www.barral-osteopathe.fr\/index.php\/quand-consulter\/losteopathie-et-les-seniors\/#primaryimage","url":"https:\/\/www.barral-osteopathe.fr\/wp-content\/uploads\/2016\/01\/senior.jpeg","contentUrl":"https:\/\/www.barral-osteopathe.fr\/wp-content\/uploads\/2016\/01\/senior.jpeg","width":250,"height":450},{"@type":"BreadcrumbList","@id":"https:\/\/www.barral-osteopathe.fr\/index.php\/quand-consulter\/losteopathie-et-les-seniors\/#breadcrumb","itemListElement":[{"@type":"ListItem","position":1,"name":"Accueil","item":"https:\/\/www.barral-osteopathe.fr\/"},{"@type":"ListItem","position":2,"name":"Quand Consulter ?","item":"https:\/\/www.barral-osteopathe.fr\/index.php\/quand-consulter\/"},{"@type":"ListItem","position":3,"name":"S\u00e9niors"}]},{"@type":"WebSite","@id":"https:\/\/www.barral-osteopathe.fr\/#website","url":"https:\/\/www.barral-osteopathe.fr\/","name":"Maud BARRAL-BREAUTE Osteopathe D.O","description":"Votre th\u00e9rapeute | \u2709 POLE SANTE BILTEGI, 150 avenue de Bielle NAVE, place saint Barthelemy, 64200, BASSUSSARRY | \u260e  06.87.77.18.42","publisher":{"@id":"https:\/\/www.barral-osteopathe.fr\/#organization"},"potentialAction":[{"@type":"SearchAction","target":{"@type":"EntryPoint","urlTemplate":"https:\/\/www.barral-osteopathe.fr\/?s={search_term_string}"},"query-input":{"@type":"PropertyValueSpecification","valueRequired":true,"valueName":"search_term_string"}}],"inLanguage":"fr-FR"},{"@type":"Organization","@id":"https:\/\/www.barral-osteopathe.fr\/#organization","name":"Maud BARRAL-BREAUTE - OSTEOPATHE D.O","url":"https:\/\/www.barral-osteopathe.fr\/","logo":{"@type":"ImageObject","inLanguage":"fr-FR","@id":"https:\/\/www.barral-osteopathe.fr\/#\/schema\/logo\/image\/","url":"https:\/\/www.barral-osteopathe.fr\/wp-content\/uploads\/2015\/11\/IMGP0037-e1454069448408.jpg","contentUrl":"https:\/\/www.barral-osteopathe.fr\/wp-content\/uploads\/2015\/11\/IMGP0037-e1454069448408.jpg","width":600,"height":800,"caption":"Maud BARRAL-BREAUTE - OSTEOPATHE D.O"},"image":{"@id":"https:\/\/www.barral-osteopathe.fr\/#\/schema\/logo\/image\/"}}]}},"_links":{"self":[{"href":"https:\/\/www.barral-osteopathe.fr\/index.php\/wp-json\/wp\/v2\/pages\/27","targetHints":{"allow":["GET"]}}],"collection":[{"href":"https:\/\/www.barral-osteopathe.fr\/index.php\/wp-json\/wp\/v2\/pages"}],"about":[{"href":"https:\/\/www.barral-osteopathe.fr\/index.php\/wp-json\/wp\/v2\/types\/page"}],"author":[{"embeddable":true,"href":"https:\/\/www.barral-osteopathe.fr\/index.php\/wp-json\/wp\/v2\/users\/1"}],"replies":[{"embeddable":true,"href":"https:\/\/www.barral-osteopathe.fr\/index.php\/wp-json\/wp\/v2\/comments?post=27"}],"version-history":[{"count":14,"href":"https:\/\/www.barral-osteopathe.fr\/index.php\/wp-json\/wp\/v2\/pages\/27\/revisions"}],"predecessor-version":[{"id":288,"href":"https:\/\/www.barral-osteopathe.fr\/index.php\/wp-json\/wp\/v2\/pages\/27\/revisions\/288"}],"up":[{"embeddable":true,"href":"https:\/\/www.barral-osteopathe.fr\/index.php\/wp-json\/wp\/v2\/pages\/15"}],"wp:attachment":[{"href":"https:\/\/www.barral-osteopathe.fr\/index.php\/wp-json\/wp\/v2\/media?parent=27"}],"curies":[{"name":"wp","href":"https:\/\/api.w.org\/{rel}","templated":true}]}}