{"id":34,"date":"2015-11-02T15:27:28","date_gmt":"2015-11-02T14:27:28","guid":{"rendered":"http:\/\/barral-osteopathe.fr\/maudblog\/?page_id=34"},"modified":"2023-03-16T10:09:31","modified_gmt":"2023-03-16T09:09:31","slug":"contact","status":"publish","type":"page","link":"https:\/\/www.barral-osteopathe.fr\/index.php\/contact\/","title":{"rendered":"Contact"},"content":{"rendered":"<h1 style=\"text-align: center;\">Maud BARRAL-BR\u00c9AUT\u00c9<\/h1>\n<h1 style=\"text-align: left;\">Adresse :<\/h1>\n<p style=\"text-align: left; padding-left: 40px;\">P\u00f4le Sant\u00e9 BILTEGI<br \/>\n150 avenue de Bielle NAVE<br \/>\nPlace Saint Barthelemy<br \/>\n64200 BASSUSSARRY<\/p>\n<h1>T\u00e9l\u00e9phone :<\/h1>\n<p style=\"padding-left: 40px;\">06.87.77.18.42<\/p>\n<h1>Courier \u00e9lectronique :<\/h1>\n<p style=\"padding-left: 40px;\"><a href=\"mailto:osteopathesbassussarry@gmail.com\" target=\"_blank\" rel=\"noopener noreferrer\">osteopathesbassussarry@gmail.<wbr \/>com<\/a><\/p>\n<h1 style=\"text-align: center;\">\u00c9quipe pluridisciplinaire du P\u00f4le Sant\u00e9 BILTEGI<\/h1>\n<h2>L\u2019\u00e9quipe du P\u00f4le Sant\u00e9 BILTEGI se compose de :<\/h2>\n<p style=\"padding-left: 40px;\">Brigitte Lasserre,\u00a0 <strong>M\u00e9decin g\u00e9n\u00e9raliste<\/strong>,\u00a0 05 59 26 23 62<br \/>\nJohanna Venturini,\u00a0 <strong>M\u00e9decin g\u00e9n\u00e9raliste<\/strong>,\u00a0 05 40 48 93 00<br \/>\nCarole Nazabal,\u00a0 <strong>Orthophoniste<\/strong>,\u00a0 05 59 43 12 76<br \/>\nEmilie Gony,\u00a0 <strong>Infirmi\u00e8re<\/strong>,\u00a0 06 30 56 30 13<br \/>\nAnne Arrou et Sandrine Tortes Saint James,\u00a0 <strong>Sages-femmes<\/strong>,\u00a0 07 61 80 46 95<br \/>\nLaurent Auclair,\u00a0 <strong>Neuropsychologue<\/strong>,\u00a0 06 25 68 33 11<br \/>\nAnne-Sophie Millet,\u00a0 <strong>Psychologue<\/strong>,\u00a0 06 30 80 91 46<br \/>\nElodie LEON,\u00a0 <strong>M\u00e9decin g\u00e9n\u00e9raliste DU Gyn\u00e9co<\/strong>,\u00a0 05 59 26 23 62<br \/>\nVanessa BOULOU,\u00a0 <strong>Orthoptiste<\/strong>,\u00a0 06 15 54 50 52<br \/>\nVirginie VALE,\u00a0 <strong>Di\u00e9t\u00e9ticienne<\/strong>,\u00a0 07 81 69 33 39<br \/>\nJulie COURSAN,\u00a0 <strong>Dieteticienne<\/strong>,\u00a0 06 07 65 32 54<br \/>\nMarion BROUSSE,\u00a0 <strong>Acupunctrice et M\u00e9decine traditionnelle chinoise<\/strong>,\u00a0 06 58 67 49 18<br \/>\nNathalie DUHEN,\u00a0 <strong>Hypnoth\u00e9rapeute et Sophrologue<\/strong>,\u00a0 06 44 25 21 37<br \/>\nAlexandra ELUCCI,\u00a0 <strong>Naturo Estheticienne<\/strong>,\u00a0 06 49 74 02 25<br \/>\nMaud Barral,\u00a0 <strong>Ost\u00e9opathe<\/strong>,\u00a0 06 87 77 18 42<\/p>\n<p>&nbsp;<\/p>\n<p>&nbsp;<\/p>\n","protected":false},"excerpt":{"rendered":"<p>Maud BARRAL-BR\u00c9AUT\u00c9 Adresse : P\u00f4le Sant\u00e9 BILTEGI 150 avenue de Bielle NAVE Place Saint Barthelemy 64200 BASSUSSARRY T\u00e9l\u00e9phone : 06.87.77.18.42 Courier \u00e9lectronique : osteopathesbassussarry@gmail.com \u00c9quipe pluridisciplinaire du P\u00f4le Sant\u00e9 BILTEGI L\u2019\u00e9quipe du P\u00f4le Sant\u00e9 BILTEGI se compose de : Brigitte Lasserre,\u00a0 M\u00e9decin g\u00e9n\u00e9raliste,\u00a0 05 59 26 23 62 Johanna Venturini,\u00a0 M\u00e9decin g\u00e9n\u00e9raliste,\u00a0 05 40 48 [&hellip;]<\/p>\n","protected":false},"author":1,"featured_media":0,"parent":0,"menu_order":8,"comment_status":"closed","ping_status":"closed","template":"","meta":{"footnotes":""},"class_list":["post-34","page","type-page","status-publish","hentry"],"yoast_head":"<!-- This site is optimized with the Yoast SEO plugin v26.0 - https:\/\/yoast.com\/wordpress\/plugins\/seo\/ -->\n<title>Contact &#183; Maud BARRAL-BREAUTE - OSTEOPATHE D.O<\/title>\n<meta name=\"robots\" content=\"index, follow, max-snippet:-1, max-image-preview:large, max-video-preview:-1\" \/>\n<link rel=\"canonical\" href=\"https:\/\/www.barral-osteopathe.fr\/index.php\/contact\/\" \/>\n<meta property=\"og:locale\" content=\"fr_FR\" \/>\n<meta property=\"og:type\" content=\"article\" \/>\n<meta property=\"og:title\" content=\"Contact &#183; Maud BARRAL-BREAUTE - OSTEOPATHE D.O\" \/>\n<meta property=\"og:description\" content=\"Maud BARRAL-BR\u00c9AUT\u00c9 Adresse : P\u00f4le Sant\u00e9 BILTEGI 150 avenue de Bielle NAVE Place Saint Barthelemy 64200 BASSUSSARRY T\u00e9l\u00e9phone : 06.87.77.18.42 Courier \u00e9lectronique : osteopathesbassussarry@gmail.com \u00c9quipe pluridisciplinaire du P\u00f4le Sant\u00e9 BILTEGI L\u2019\u00e9quipe du P\u00f4le Sant\u00e9 BILTEGI se compose de : Brigitte Lasserre,\u00a0 M\u00e9decin g\u00e9n\u00e9raliste,\u00a0 05 59 26 23 62 Johanna Venturini,\u00a0 M\u00e9decin g\u00e9n\u00e9raliste,\u00a0 05 40 48 [&hellip;]\" \/>\n<meta property=\"og:url\" content=\"https:\/\/www.barral-osteopathe.fr\/index.php\/contact\/\" \/>\n<meta property=\"og:site_name\" content=\"Maud BARRAL-BREAUTE - OSTEOPATHE D.O\" \/>\n<meta property=\"article:modified_time\" content=\"2023-03-16T09:09:31+00:00\" \/>\n<meta name=\"twitter:card\" content=\"summary_large_image\" \/>\n<meta name=\"twitter:label1\" content=\"Dur\u00e9e de lecture estim\u00e9e\" \/>\n\t<meta name=\"twitter:data1\" content=\"1 minute\" \/>\n<script type=\"application\/ld+json\" class=\"yoast-schema-graph\">{\"@context\":\"https:\/\/schema.org\",\"@graph\":[{\"@type\":\"WebPage\",\"@id\":\"https:\/\/www.barral-osteopathe.fr\/index.php\/contact\/\",\"url\":\"https:\/\/www.barral-osteopathe.fr\/index.php\/contact\/\",\"name\":\"Contact &#183; Maud BARRAL-BREAUTE - OSTEOPATHE D.O\",\"isPartOf\":{\"@id\":\"https:\/\/www.barral-osteopathe.fr\/#website\"},\"datePublished\":\"2015-11-02T14:27:28+00:00\",\"dateModified\":\"2023-03-16T09:09:31+00:00\",\"breadcrumb\":{\"@id\":\"https:\/\/www.barral-osteopathe.fr\/index.php\/contact\/#breadcrumb\"},\"inLanguage\":\"fr-FR\",\"potentialAction\":[{\"@type\":\"ReadAction\",\"target\":[\"https:\/\/www.barral-osteopathe.fr\/index.php\/contact\/\"]}]},{\"@type\":\"BreadcrumbList\",\"@id\":\"https:\/\/www.barral-osteopathe.fr\/index.php\/contact\/#breadcrumb\",\"itemListElement\":[{\"@type\":\"ListItem\",\"position\":1,\"name\":\"Accueil\",\"item\":\"https:\/\/www.barral-osteopathe.fr\/\"},{\"@type\":\"ListItem\",\"position\":2,\"name\":\"Contact\"}]},{\"@type\":\"WebSite\",\"@id\":\"https:\/\/www.barral-osteopathe.fr\/#website\",\"url\":\"https:\/\/www.barral-osteopathe.fr\/\",\"name\":\"Maud BARRAL-BREAUTE Osteopathe D.O\",\"description\":\"Votre th\u00e9rapeute | \u2709 POLE SANTE BILTEGI, 150 avenue de Bielle NAVE, place saint Barthelemy, 64200, BASSUSSARRY | \u260e  06.87.77.18.42\",\"publisher\":{\"@id\":\"https:\/\/www.barral-osteopathe.fr\/#organization\"},\"potentialAction\":[{\"@type\":\"SearchAction\",\"target\":{\"@type\":\"EntryPoint\",\"urlTemplate\":\"https:\/\/www.barral-osteopathe.fr\/?s={search_term_string}\"},\"query-input\":{\"@type\":\"PropertyValueSpecification\",\"valueRequired\":true,\"valueName\":\"search_term_string\"}}],\"inLanguage\":\"fr-FR\"},{\"@type\":\"Organization\",\"@id\":\"https:\/\/www.barral-osteopathe.fr\/#organization\",\"name\":\"Maud BARRAL-BREAUTE - OSTEOPATHE D.O\",\"url\":\"https:\/\/www.barral-osteopathe.fr\/\",\"logo\":{\"@type\":\"ImageObject\",\"inLanguage\":\"fr-FR\",\"@id\":\"https:\/\/www.barral-osteopathe.fr\/#\/schema\/logo\/image\/\",\"url\":\"https:\/\/www.barral-osteopathe.fr\/wp-content\/uploads\/2015\/11\/IMGP0037-e1454069448408.jpg\",\"contentUrl\":\"https:\/\/www.barral-osteopathe.fr\/wp-content\/uploads\/2015\/11\/IMGP0037-e1454069448408.jpg\",\"width\":600,\"height\":800,\"caption\":\"Maud BARRAL-BREAUTE - OSTEOPATHE D.O\"},\"image\":{\"@id\":\"https:\/\/www.barral-osteopathe.fr\/#\/schema\/logo\/image\/\"}}]}<\/script>\n<!-- \/ Yoast SEO plugin. -->","yoast_head_json":{"title":"Contact &#183; Maud BARRAL-BREAUTE - OSTEOPATHE D.O","robots":{"index":"index","follow":"follow","max-snippet":"max-snippet:-1","max-image-preview":"max-image-preview:large","max-video-preview":"max-video-preview:-1"},"canonical":"https:\/\/www.barral-osteopathe.fr\/index.php\/contact\/","og_locale":"fr_FR","og_type":"article","og_title":"Contact &#183; Maud BARRAL-BREAUTE - OSTEOPATHE D.O","og_description":"Maud BARRAL-BR\u00c9AUT\u00c9 Adresse : P\u00f4le Sant\u00e9 BILTEGI 150 avenue de Bielle NAVE Place Saint Barthelemy 64200 BASSUSSARRY T\u00e9l\u00e9phone : 06.87.77.18.42 Courier \u00e9lectronique : osteopathesbassussarry@gmail.com \u00c9quipe pluridisciplinaire du P\u00f4le Sant\u00e9 BILTEGI L\u2019\u00e9quipe du P\u00f4le Sant\u00e9 BILTEGI se compose de : Brigitte Lasserre,\u00a0 M\u00e9decin g\u00e9n\u00e9raliste,\u00a0 05 59 26 23 62 Johanna Venturini,\u00a0 M\u00e9decin g\u00e9n\u00e9raliste,\u00a0 05 40 48 [&hellip;]","og_url":"https:\/\/www.barral-osteopathe.fr\/index.php\/contact\/","og_site_name":"Maud BARRAL-BREAUTE - OSTEOPATHE D.O","article_modified_time":"2023-03-16T09:09:31+00:00","twitter_card":"summary_large_image","twitter_misc":{"Dur\u00e9e de lecture estim\u00e9e":"1 minute"},"schema":{"@context":"https:\/\/schema.org","@graph":[{"@type":"WebPage","@id":"https:\/\/www.barral-osteopathe.fr\/index.php\/contact\/","url":"https:\/\/www.barral-osteopathe.fr\/index.php\/contact\/","name":"Contact &#183; Maud BARRAL-BREAUTE - OSTEOPATHE D.O","isPartOf":{"@id":"https:\/\/www.barral-osteopathe.fr\/#website"},"datePublished":"2015-11-02T14:27:28+00:00","dateModified":"2023-03-16T09:09:31+00:00","breadcrumb":{"@id":"https:\/\/www.barral-osteopathe.fr\/index.php\/contact\/#breadcrumb"},"inLanguage":"fr-FR","potentialAction":[{"@type":"ReadAction","target":["https:\/\/www.barral-osteopathe.fr\/index.php\/contact\/"]}]},{"@type":"BreadcrumbList","@id":"https:\/\/www.barral-osteopathe.fr\/index.php\/contact\/#breadcrumb","itemListElement":[{"@type":"ListItem","position":1,"name":"Accueil","item":"https:\/\/www.barral-osteopathe.fr\/"},{"@type":"ListItem","position":2,"name":"Contact"}]},{"@type":"WebSite","@id":"https:\/\/www.barral-osteopathe.fr\/#website","url":"https:\/\/www.barral-osteopathe.fr\/","name":"Maud BARRAL-BREAUTE Osteopathe D.O","description":"Votre th\u00e9rapeute | \u2709 POLE SANTE BILTEGI, 150 avenue de Bielle NAVE, place saint Barthelemy, 64200, BASSUSSARRY | \u260e  06.87.77.18.42","publisher":{"@id":"https:\/\/www.barral-osteopathe.fr\/#organization"},"potentialAction":[{"@type":"SearchAction","target":{"@type":"EntryPoint","urlTemplate":"https:\/\/www.barral-osteopathe.fr\/?s={search_term_string}"},"query-input":{"@type":"PropertyValueSpecification","valueRequired":true,"valueName":"search_term_string"}}],"inLanguage":"fr-FR"},{"@type":"Organization","@id":"https:\/\/www.barral-osteopathe.fr\/#organization","name":"Maud BARRAL-BREAUTE - OSTEOPATHE D.O","url":"https:\/\/www.barral-osteopathe.fr\/","logo":{"@type":"ImageObject","inLanguage":"fr-FR","@id":"https:\/\/www.barral-osteopathe.fr\/#\/schema\/logo\/image\/","url":"https:\/\/www.barral-osteopathe.fr\/wp-content\/uploads\/2015\/11\/IMGP0037-e1454069448408.jpg","contentUrl":"https:\/\/www.barral-osteopathe.fr\/wp-content\/uploads\/2015\/11\/IMGP0037-e1454069448408.jpg","width":600,"height":800,"caption":"Maud BARRAL-BREAUTE - OSTEOPATHE D.O"},"image":{"@id":"https:\/\/www.barral-osteopathe.fr\/#\/schema\/logo\/image\/"}}]}},"_links":{"self":[{"href":"https:\/\/www.barral-osteopathe.fr\/index.php\/wp-json\/wp\/v2\/pages\/34","targetHints":{"allow":["GET"]}}],"collection":[{"href":"https:\/\/www.barral-osteopathe.fr\/index.php\/wp-json\/wp\/v2\/pages"}],"about":[{"href":"https:\/\/www.barral-osteopathe.fr\/index.php\/wp-json\/wp\/v2\/types\/page"}],"author":[{"embeddable":true,"href":"https:\/\/www.barral-osteopathe.fr\/index.php\/wp-json\/wp\/v2\/users\/1"}],"replies":[{"embeddable":true,"href":"https:\/\/www.barral-osteopathe.fr\/index.php\/wp-json\/wp\/v2\/comments?post=34"}],"version-history":[{"count":14,"href":"https:\/\/www.barral-osteopathe.fr\/index.php\/wp-json\/wp\/v2\/pages\/34\/revisions"}],"predecessor-version":[{"id":345,"href":"https:\/\/www.barral-osteopathe.fr\/index.php\/wp-json\/wp\/v2\/pages\/34\/revisions\/345"}],"wp:attachment":[{"href":"https:\/\/www.barral-osteopathe.fr\/index.php\/wp-json\/wp\/v2\/media?parent=34"}],"curies":[{"name":"wp","href":"https:\/\/api.w.org\/{rel}","templated":true}]}}